he remainder when o is divided by (-123)/(-164) + 2/((-8)/(-97)).
23
Suppose -5*i = -0*i - 80. Suppose 2*c - 132 = -c. Calculate the remainder when c is divided by i.
12
Suppose -5*z + 206 = 4*k, -z - 52 = -54. What is the remainder when 171 is divided by k?
24
Suppose -1 = f - 15. Let j = -128 + 166. What is the remainder when j is divided by f?
10
Suppose 13*h - 1 = 12*h. Suppose c + 2*s = 2*c - 5, 4*s = c + h. Suppose 3*f - 77 = 10. Calculate the remainder when f is divided by c.
7
Suppose -2*d = -3*x + 136 - 0, 0 = -x - 4*d + 22. What is the remainder when x is divided by 4?
2
Let d(p) = p**3 - 17*p**2 - 105*p - 92. Suppose -5*q + 275 = 5*l, -4*l + 58 = q - 2*l. Calculate the remainder when q is divided by d(22).
16
Let j be 626*(3 + 7/(-2)). Let h = 480 + j. Calculate the remainder when h is divided by 34.
31
Calculate the remainder when 44 is divided by (-9 - -2)*(-2)/(-4)*-10.
9
Let j(m) = m**2 + 22*m - 330. Calculate the remainder when j(17) is divided by 8.
5
Let f = 15 - -8. Suppose 2*a = 3*a - 5. Suppose 4*m - z = a*m - 67, 4*m - 267 = -3*z. What is the remainder when m is divided by f?
20
Suppose x + 2*z = -10, 3*z + 0*z + 15 = -x. Suppose -4*w + 44 = -x*w. Let r(j) = -j**2 + 10*j + 15. Calculate the remainder when 6 is divided by r(w).
2
Let y = -22 - -16. Let m be (3/6)/((-1)/y). Calculate the remainder when -2 + (m/(-1) - -8) is divided by 1.
0
Suppose 0 = -u + 7*u - 30. Let s(h) = -h**2 - 8*h + 3. Let v(t) = t + 1. Let b(d) = s(d) + v(d). Calculate the remainder when u is divided by b(-7).
1
Let k(x) = -2*x**2 - 62*x + 27. Calculate the remainder when k(-20) is divided by 151.
14
Calculate the remainder when 1368 is divided by (-5)/(-35) - (-9 - 4354/49).
94
Let t = -314 + 417. What is the remainder when t is divided by 27?
22
Let v(t) = -t**3 - t**2 - t - 4. Let n be v(0). Let d be (-2 - -1)/(2/n). What is the remainder when 29 is divided by 624/42 + d/14?
14
Let g be 0 + 3 + (-3 - -5 - 0). Suppose 39 = y + r, 2*y = g*r - r + 48. What is the remainder when 66 is divided by y?
32
Calculate the remainder when 48 is divided by (378/36 - 9)/((-6)/(-40)).
8
Let l(c) = 3*c + 1. Let v be l(1). Let z be 7 + (2 - v - 0). Suppose -28 = -z*k + k. Calculate the remainder when k is divided by 4.
3
Suppose 18 = 4*l - 3*m - 14, -l = 2*m + 3. Suppose d = l*p - 8, -3*d = 3*p - d + 3. Calculate the remainder when 3 is divided by p.
0
Let y be 0/((-6)/(-9)*3). Suppose 3*i - 30 - 15 = y. What is the remainder when (0 - (3 + -7)) + 25 is divided by i?
14
Let n be 4 + 2/((-2)/7). Let l(c) = 6*c**2 + c - 8. What is the remainder when l(n) is divided by 11?
10
Suppose 3*y - y - 35 = -5*q, 0 = 5*q + 5*y - 20. Suppose q*b = 10*b - 24. Calculate the remainder when b is divided by 16.
8
Let w = -39 - -44. Suppose -5*t = -2*m + 67, -w*m + 112 + 41 = 2*t. What is the remainder when 122 is divided by m?
29
Let i(h) = -2*h + 1. Suppose -5*b + b + 8 = 0. Let u be (2*-1)/(b/4). What is the remainder when 26 is divided by i(u)?
8
Let z be (-40)/(-6)*3*1. Suppose 4*b + z = 4*d, 5*d + b + 0 = 7. Let v(p) = 5*p**3 + 2*p - 1. What is the remainder when v(d) is divided by 15?
13
Suppose 0 = -7*g + 24*g - 119. Calculate the remainder when g is divided by 2.
1
What is the remainder when 688 is divided by (-11 + -4)*(-3)/3?
13
Suppose 0 = i - 5*n - 5, -1 = 4*i - n - 2. What is the remainder when 31 + (2 - i) + -4 is divided by 5?
4
Suppose 39*m - 982 = 500. Calculate the remainder when 2659 is divided by m.
37
Suppose 17*l - 13*l - 276 = 0. Let x = l + -1. Calculate the remainder when x is divided by 10.
8
Suppose -4*f - 3*a + 20 = -7*a, -2*f + 12 = -4*a. Suppose -f*r + 64 = -0*r. What is the remainder when 44 is divided by r?
12
Let m(w) = w**2 + 46*w + 71. Calculate the remainder when 105 is divided by m(-45).
1
Let u(m) = 2*m - 2. Let d be u(3). Suppose 17*w = w + 3360. Suppose -d*a + w = 2*a. Calculate the remainder when a is divided by 19.
16
Suppose -4*b + 9 = k - 3, -b = 2*k + 4. Suppose -4*o = -b*u - 24, -3*o - 4*u + 28 = -2*u. Let x = o - 4. Calculate the remainder when 7 is divided by x.
3
Calculate the remainder when 188 is divided by (-203)/(-63) - 3 - 158/(-18).
8
Let s = -7 - -22. Suppose -2*v - 10 = 0, 2*v - 3 = 5*p - 23. Let q(r) = 10*r**2 + r + 1. What is the remainder when q(p) is divided by s?
13
Let m = 21 - -289. Suppose -m = -7*j + 2*j. Suppose 0*f = -i + 3*f + 13, -3*f + 19 = i. What is the remainder when j is divided by i?
14
Suppose -636 - 24 = -22*b. Calculate the remainder when 60 is divided by b.
0
Let p be ((-6)/9)/(8/(-36)). Suppose 0*t - 3*l - 63 = -p*t, -3*t = 3*l - 45. Let c(a) = 7*a**2 + 2*a + 1. What is the remainder when c(3) is divided by t?
16
Let o(u) = 4*u - 21. Calculate the remainder when 89 is divided by o(11).
20
What is the remainder when (-4)/26 - (-2656)/26 - 0 is divided by 52?
50
Let z(f) = 3*f**2 + 12*f + 47. Let a(l) = l**2 - 2*l - 14. What is the remainder when z(-6) is divided by a(-5)?
20
Let o(a) = -3*a + 48. What is the remainder when o(-4) is divided by 22?
16
Let v be (-4)/22 + 970/(-110). Let f = 13 + v. Suppose -f*p + 132 = -0*p. What is the remainder when p is divided by 9?
6
What is the remainder when 96 is divided by 372/(-76) - -5 - 946/(-38)?
21
Suppose -y + 30 = -z, -3*z - 151 = -5*y + z. Suppose -2*f - 6*n + 246 = -2*n, -5*f + 579 = -2*n. Calculate the remainder when f is divided by y.
24
Suppose -80*i - 32 = -84*i. Let h(v) = -3*v**3 + 4*v**2 - 8*v + 6. Let d be h(5). What is the remainder when 4/10 - d/15 is divided by i?
5
Suppose -d = -14*q + 9*q + 25, -2*q - 26 = 2*d. Suppose -5*h = -h - 756. What is the remainder when h/15 - 6/d is divided by 3?
1
Let p(l) = -l**2 + 9*l. Let o = 25 - 17. Let w be p(o). Suppose -2*a + w + 14 = 0. Calculate the remainder when 32 is divided by a.
10
Let k(q) = 4*q**2 + 22*q - 2. Calculate the remainder when 275 is divided by k(-7).
35
Suppose 4*g - 230 = -g. Suppose -3*h + 124 = g. What is the remainder when h is divided by 14?
12
Let c = 73 + -63. What is the remainder when 19 is divided by c?
9
Let z = 67 + -82. What is the remainder when ((-10)/z - 1)/((-1)/237) is divided by 27?
25
Suppose 3*n = -3*n + 24. Suppose 4*t - 400 = n*y, -3*y = 2*y + 25. Let l = -6 + t. Calculate the remainder when l is divided by 31.
27
Suppose -3*t + 45 = -3*g, 0 = -2*g + 8*t - 5*t - 25. Let k be 4/(-8) + 25/(-2). Let j = k - g. Calculate the remainder when 20 is divided by j.
6
Calculate the remainder when ((-34)/(-2))/(((-2)/(-1))/38) is divided by 25.
23
Let b(u) = 4*u - 1. Let d(q) = -q**2 - 4*q + 24. What is the remainder when b(2) is divided by d(-7)?
1
What is the remainder when (-2)/8 + (-9841)/(-52) + -7 is divided by 41?
18
Let l = -305 + 429. Let j = l + -121. What is the remainder when 30 is divided by j?
0
Let x(m) = 14*m - 107. Calculate the remainder when 83 is divided by x(11).
36
Suppose 9*u = 8*u + 305. What is the remainder when u is divided by 37?
9
Let o = -142 + 165. Calculate the remainder when 44 is divided by o.
21
Suppose -2*x = 5*w - 18, -9 = -2*w + x - 0. Calculate the remainder when 67 is divided by w.
3
Suppose 3*o + 3 = 0, 3*a - 2*o + 7*o - 664 = 0. Calculate the remainder when a is divided by 14.
13
Suppose -i + 80 = 2*o, i + o - 8 = 69. What is the remainder when i is divided by -16 + 21 - (-13 + -1)?
17
Suppose -323 - 348 = -11*t. Calculate the remainder when 120 is divided by t.
59
Suppose 3*y - 46 = -4*u + 10, -2*u + 4 = 0. Calculate the remainder when 53 is divided by y.
5
Let q be (17/2)/((-2)/(-4)). Let y(s) = -s + 8. Let x be y(5). Suppose q = x*u + 2. Calculate the remainder when 8 is divided by u.
3
Suppose y - 22 = x, 10*x = 2*y + 5*x - 50. What is the remainder when y is divided by (-4)/(-6) + (-22)/(-3)?
4
Let i be 2/3 - 410/(-6). Suppose 3*k - 3 = i. Let r = 4816 + -4803. Calculate the remainder when k is divided by r.
11
Let a(t) be the first derivative of 2*t**3/3 + t**2/2 - 5*t + 1. Let c be a(-4). What is the remainder when c*(1 + 2) + 0 is divided by 18?
15
Suppose -4*y = -2*y - 138. Suppose -14 = -5*f + 2*h + 49, 4*h = -5*f + y. Calculate the remainder when f is divided by 9.
4
Let v(m) = -21*m - 49. Let r(g) = -g - 1. Let l(u) = -70*r(u) + 2*v(u). What is the remainder when l(5) is divided by 29?
25
Let d be (-202 - -10)*(-2)/(